{"id":69,"date":"2023-10-11T12:08:25","date_gmt":"2023-10-11T10:08:25","guid":{"rendered":"https:\/\/lebonsejour.fr\/blog\/?page_id=69"},"modified":"2026-03-30T11:11:52","modified_gmt":"2026-03-30T09:11:52","slug":"lequipe","status":"publish","type":"page","link":"https:\/\/lebonsejour.fr\/blog\/lequipe\/","title":{"rendered":"L&rsquo;\u00e9quipe &#038; \u00c9dito"},"content":{"rendered":"<p><span style=\"font-weight: 400;\">Le Bon S\u00e9jour est votre guide pour des vacances r\u00e9ussies, quelles que soient vos envies et votre budget \u2014 ch\u00e2teaux m\u00e9di\u00e9vaux authentiques, cabanes dans les arbres en for\u00eat de Fontainebleau, campings en Vend\u00e9e avec vos animaux, s\u00e9jours linguistiques \u00e0 Jersey, city breaks \u00e0 Rennes ou au P\u00e9rigord. Nous vous aidons \u00e0 trouver le s\u00e9jour qui vous ressemble. <\/span><span style=\"font-weight: 400;\">Notre \u00e9quipe rassemble des voyageurs passionn\u00e9s, des experts en h\u00e9bergement insolite et des r\u00e9dacteurs sp\u00e9cialis\u00e9s dans le tourisme responsable.<\/span><\/p>\n","protected":false},"excerpt":{"rendered":"","protected":false},"author":34,"featured_media":0,"parent":0,"menu_order":0,"comment_status":"closed","ping_status":"closed","template":"","meta":{"_acf_changed":false,"manual_indexmenow":false,"indexmenow_id_project":0,"footnotes":""},"class_list":["post-69","page","type-page","status-publish"],"acf":[],"yoast_head":"<!-- This site is optimized with the Yoast SEO Premium plugin v21.3 (Yoast SEO v26.5) - https:\/\/yoast.com\/wordpress\/plugins\/seo\/ -->\n<title>L&#039;\u00e9quipe &amp; \u00c9dito<\/title>\n<meta name=\"description\" content=\"Le Bon S\u00e9jour est votre guide pour des vacances r\u00e9ussies, quelles que soient vos envies et votre budget \u2014 ch\u00e2teaux m\u00e9di\u00e9vaux authentiques, cabanes dans\" \/>\n<meta name=\"robots\" content=\"index, follow, max-snippet:-1, max-image-preview:large, max-video-preview:-1\" \/>\n<link rel=\"canonical\" href=\"https:\/\/lebonsejour.fr\/blog\/lequipe\/\" \/>\n<meta property=\"og:locale\" content=\"fr_FR\" \/>\n<meta property=\"og:type\" content=\"article\" \/>\n<meta property=\"og:title\" content=\"L&#039;\u00e9quipe &amp; \u00c9dito\" \/>\n<meta property=\"og:description\" content=\"Le Bon S\u00e9jour est votre guide pour des vacances r\u00e9ussies, quelles que soient vos envies et votre budget \u2014 ch\u00e2teaux m\u00e9di\u00e9vaux authentiques, cabanes dans\" \/>\n<meta property=\"og:url\" content=\"https:\/\/lebonsejour.fr\/blog\/lequipe\/\" \/>\n<meta property=\"og:site_name\" content=\"lebonsejour\" \/>\n<meta name=\"twitter:card\" content=\"summary_large_image\" \/>\n<script type=\"application\/ld+json\" class=\"yoast-schema-graph\">{\"@context\":\"https:\/\/schema.org\",\"@graph\":[{\"@type\":\"WebPage\",\"@id\":\"https:\/\/lebonsejour.fr\/blog\/lequipe\/\",\"url\":\"https:\/\/lebonsejour.fr\/blog\/lequipe\/\",\"name\":\"L'\u00e9quipe & \u00c9dito\",\"isPartOf\":{\"@id\":\"https:\/\/lebonsejour.fr\/blog\/#website\"},\"datePublished\":\"2023-10-11T10:08:25+00:00\",\"dateModified\":\"2026-03-30T09:11:52+00:00\",\"description\":\"Le Bon S\u00e9jour est votre guide pour des vacances r\u00e9ussies, quelles que soient vos envies et votre budget \u2014 ch\u00e2teaux m\u00e9di\u00e9vaux authentiques, cabanes dans\",\"inLanguage\":\"fr-FR\",\"potentialAction\":[{\"@type\":\"ReadAction\",\"target\":[\"https:\/\/lebonsejour.fr\/blog\/lequipe\/\"]}]},{\"@type\":\"WebSite\",\"@id\":\"https:\/\/lebonsejour.fr\/blog\/#website\",\"url\":\"https:\/\/lebonsejour.fr\/blog\/\",\"name\":\"lebonsejour.fr\",\"description\":\"Le Bon S\u00e9jour, vivez l&#039;exp\u00e9rience d&#039;un s\u00e9jour inoubliable\",\"publisher\":{\"@id\":\"https:\/\/lebonsejour.fr\/blog\/#organization\"},\"alternateName\":\"Le Bon S\u00e9jour, vivez l'exp\u00e9rience d'un s\u00e9jour inoubliable\",\"potentialAction\":[{\"@type\":\"SearchAction\",\"target\":{\"@type\":\"EntryPoint\",\"urlTemplate\":\"https:\/\/lebonsejour.fr\/blog\/?s={search_term_string}\"},\"query-input\":{\"@type\":\"PropertyValueSpecification\",\"valueRequired\":true,\"valueName\":\"search_term_string\"}}],\"inLanguage\":\"fr-FR\"},{\"@type\":\"Organization\",\"@id\":\"https:\/\/lebonsejour.fr\/blog\/#organization\",\"name\":\"Foretsensations.fr\",\"url\":\"https:\/\/lebonsejour.fr\/blog\/\",\"logo\":{\"@type\":\"ImageObject\",\"inLanguage\":\"fr-FR\",\"@id\":\"https:\/\/lebonsejour.fr\/blog\/#\/schema\/logo\/image\/\",\"url\":\"https:\/\/lebonsejour.fr\/blog\/wp-content\/uploads\/2024\/12\/LeBonSejour.png\",\"contentUrl\":\"https:\/\/lebonsejour.fr\/blog\/wp-content\/uploads\/2024\/12\/LeBonSejour.png\",\"width\":500,\"height\":500,\"caption\":\"Foretsensations.fr\"},\"image\":{\"@id\":\"https:\/\/lebonsejour.fr\/blog\/#\/schema\/logo\/image\/\"}}]}<\/script>\n<!-- \/ Yoast SEO Premium plugin. -->","yoast_head_json":{"title":"L'\u00e9quipe & \u00c9dito","description":"Le Bon S\u00e9jour est votre guide pour des vacances r\u00e9ussies, quelles que soient vos envies et votre budget \u2014 ch\u00e2teaux m\u00e9di\u00e9vaux authentiques, cabanes dans","robots":{"index":"index","follow":"follow","max-snippet":"max-snippet:-1","max-image-preview":"max-image-preview:large","max-video-preview":"max-video-preview:-1"},"canonical":"https:\/\/lebonsejour.fr\/blog\/lequipe\/","og_locale":"fr_FR","og_type":"article","og_title":"L'\u00e9quipe & \u00c9dito","og_description":"Le Bon S\u00e9jour est votre guide pour des vacances r\u00e9ussies, quelles que soient vos envies et votre budget \u2014 ch\u00e2teaux m\u00e9di\u00e9vaux authentiques, cabanes dans","og_url":"https:\/\/lebonsejour.fr\/blog\/lequipe\/","og_site_name":"lebonsejour","twitter_card":"summary_large_image","schema":{"@context":"https:\/\/schema.org","@graph":[{"@type":"WebPage","@id":"https:\/\/lebonsejour.fr\/blog\/lequipe\/","url":"https:\/\/lebonsejour.fr\/blog\/lequipe\/","name":"L'\u00e9quipe & \u00c9dito","isPartOf":{"@id":"https:\/\/lebonsejour.fr\/blog\/#website"},"datePublished":"2023-10-11T10:08:25+00:00","dateModified":"2026-03-30T09:11:52+00:00","description":"Le Bon S\u00e9jour est votre guide pour des vacances r\u00e9ussies, quelles que soient vos envies et votre budget \u2014 ch\u00e2teaux m\u00e9di\u00e9vaux authentiques, cabanes dans","inLanguage":"fr-FR","potentialAction":[{"@type":"ReadAction","target":["https:\/\/lebonsejour.fr\/blog\/lequipe\/"]}]},{"@type":"WebSite","@id":"https:\/\/lebonsejour.fr\/blog\/#website","url":"https:\/\/lebonsejour.fr\/blog\/","name":"lebonsejour.fr","description":"Le Bon S\u00e9jour, vivez l&#039;exp\u00e9rience d&#039;un s\u00e9jour inoubliable","publisher":{"@id":"https:\/\/lebonsejour.fr\/blog\/#organization"},"alternateName":"Le Bon S\u00e9jour, vivez l'exp\u00e9rience d'un s\u00e9jour inoubliable","potentialAction":[{"@type":"SearchAction","target":{"@type":"EntryPoint","urlTemplate":"https:\/\/lebonsejour.fr\/blog\/?s={search_term_string}"},"query-input":{"@type":"PropertyValueSpecification","valueRequired":true,"valueName":"search_term_string"}}],"inLanguage":"fr-FR"},{"@type":"Organization","@id":"https:\/\/lebonsejour.fr\/blog\/#organization","name":"Foretsensations.fr","url":"https:\/\/lebonsejour.fr\/blog\/","logo":{"@type":"ImageObject","inLanguage":"fr-FR","@id":"https:\/\/lebonsejour.fr\/blog\/#\/schema\/logo\/image\/","url":"https:\/\/lebonsejour.fr\/blog\/wp-content\/uploads\/2024\/12\/LeBonSejour.png","contentUrl":"https:\/\/lebonsejour.fr\/blog\/wp-content\/uploads\/2024\/12\/LeBonSejour.png","width":500,"height":500,"caption":"Foretsensations.fr"},"image":{"@id":"https:\/\/lebonsejour.fr\/blog\/#\/schema\/logo\/image\/"}}]}},"_links":{"self":[{"href":"https:\/\/lebonsejour.fr\/blog\/wp-json\/wp\/v2\/pages\/69","targetHints":{"allow":["GET"]}}],"collection":[{"href":"https:\/\/lebonsejour.fr\/blog\/wp-json\/wp\/v2\/pages"}],"about":[{"href":"https:\/\/lebonsejour.fr\/blog\/wp-json\/wp\/v2\/types\/page"}],"author":[{"embeddable":true,"href":"https:\/\/lebonsejour.fr\/blog\/wp-json\/wp\/v2\/users\/34"}],"replies":[{"embeddable":true,"href":"https:\/\/lebonsejour.fr\/blog\/wp-json\/wp\/v2\/comments?post=69"}],"version-history":[{"count":35,"href":"https:\/\/lebonsejour.fr\/blog\/wp-json\/wp\/v2\/pages\/69\/revisions"}],"predecessor-version":[{"id":7598,"href":"https:\/\/lebonsejour.fr\/blog\/wp-json\/wp\/v2\/pages\/69\/revisions\/7598"}],"wp:attachment":[{"href":"https:\/\/lebonsejour.fr\/blog\/wp-json\/wp\/v2\/media?parent=69"}],"curies":[{"name":"wp","href":"https:\/\/api.w.org\/{rel}","templated":true}]}}