{"id":66,"date":"2023-10-11T12:06:52","date_gmt":"2023-10-11T10:06:52","guid":{"rendered":"https:\/\/lebonsejour.fr\/blog\/?page_id=66"},"modified":"2023-10-11T12:06:52","modified_gmt":"2023-10-11T10:06:52","slug":"plan-du-site","status":"publish","type":"page","link":"https:\/\/lebonsejour.fr\/blog\/plan-du-site\/","title":{"rendered":"Plan du site"},"content":{"rendered":"<h2><a href=\"https:\/\/lebonsejour.fr\/blog\/a-la-une\/\" class=\"simple\">\u00c0 la une<\/a><\/h2><ul><li><a href=\"https:\/\/lebonsejour.fr\/blog\/a-la-une\/vivez-une-nuit-inoubliable-dans-un-chateau-medieval-authentique\/\" class=\"simple\">Vivez une nuit inoubliable dans un ch\u00e2teau m\u00e9di\u00e9val authentique<\/a><\/li><li><a href=\"https:\/\/lebonsejour.fr\/blog\/a-la-une\/les-meilleures-cabanes-dans-les-arbres-a-fontainebleau-pour-une-nuit-insolite\/\" class=\"simple\">Les meilleures cabanes dans les arbres \u00e0 Fontainebleau pour une nuit insolite<\/a><\/li><li><a href=\"https:\/\/lebonsejour.fr\/blog\/a-la-une\/visiter-notre-dame-de-paris\/\" class=\"simple\">Visiter Notre-Dame de Paris<\/a><\/li><li><a href=\"https:\/\/lebonsejour.fr\/blog\/a-la-une\/les-campings-de-vendee-qui-ouvrent-leurs-portes-aux-animaux\/\" class=\"simple\">Les campings de Vend\u00e9e qui ouvrent leurs portes aux animaux<\/a><\/li><li><a href=\"https:\/\/lebonsejour.fr\/blog\/a-la-une\/le-sejour-cafe-une-experience-immersive-et-enrichissante\/\" class=\"simple\">Le s\u00e9jour caf\u00e9 : une exp\u00e9rience immersive et enrichissante<\/a><\/li><li><a href=\"https:\/\/lebonsejour.fr\/blog\/a-la-une\/sejour-linguistique-a-jersey-un-voyage-enrichissant-pour-apprendre-langlais\/\" class=\"simple\">S\u00e9jour linguistique \u00e0 Jersey : un voyage enrichissant pour apprendre l&#039;anglais<\/a><\/li><li><a href=\"https:\/\/lebonsejour.fr\/blog\/a-la-une\/decouvrez-votre-sejour-a-porto-au-depart-de-vatry-conseils-et-astuces-pratiques\/\" class=\"simple\">D\u00e9couvrez votre s\u00e9jour \u00e0 Porto au d\u00e9part de Vatry : conseils et astuces pratiques<\/a><\/li><li><a href=\"https:\/\/lebonsejour.fr\/blog\/a-la-une\/decouvrez-cluny-un-sejour-inoubliable-entre-histoire-et-nature\/\" class=\"simple\">D\u00e9couvrez Cluny : un s\u00e9jour inoubliable entre histoire et nature<\/a><\/li><li><a href=\"https:\/\/lebonsejour.fr\/blog\/a-la-une\/box-office-le-succes-du-film-beau-sejour-decrypte\/\" class=\"simple\">Box Office : Le succ\u00e8s du film Beau S\u00e9jour d\u00e9crypt\u00e9<\/a><\/li><li><a href=\"https:\/\/lebonsejour.fr\/blog\/a-la-une\/decouvrez-rennes-un-sejour-inoubliable-au-coeur-de-la-bretagne\/\" class=\"simple\">D\u00e9couvrez Rennes : un s\u00e9jour inoubliable au c\u0153ur de la Bretagne<\/a><\/li><li><a href=\"https:\/\/lebonsejour.fr\/blog\/a-la-une\/decouvrez-les-meilleurs-conseils-pour-un-mini-sejour-inoubliable\/\" class=\"simple\">D\u00e9couvrez les meilleurs conseils pour un mini s\u00e9jour inoubliable<\/a><\/li><li><a href=\"https:\/\/lebonsejour.fr\/blog\/a-la-une\/centre-international-de-sejour-martinique-un-lieu-daccueil-unique\/\" class=\"simple\">Centre international de s\u00e9jour Martinique : un lieu d&#039;accueil unique<\/a><\/li><li><a href=\"https:\/\/lebonsejour.fr\/blog\/a-la-une\/decouvrez-lhotel-beau-sejour-a-cannes-evasion-et-confort-au-coeur-de-la-cote-dazur\/\" class=\"simple\">D\u00e9couvrez l&#039;H\u00f4tel Beau S\u00e9jour \u00e0 Cannes : \u00c9vasion et Confort au C\u0153ur de la C\u00f4te d&#039;Azur<\/a><\/li><li><a href=\"https:\/\/lebonsejour.fr\/blog\/a-la-une\/decouvrez-le-perigord-un-sejour-inoubliable-entre-nature-et-gastronomie\/\" class=\"simple\">D\u00e9couvrez le P\u00e9rigord : un s\u00e9jour inoubliable entre nature et gastronomie<\/a><\/li><li><a href=\"https:\/\/lebonsejour.fr\/blog\/a-la-une\/decouvrez-quiberon-votre-guide-complet-pour-un-sejour-inoubliable\/\" class=\"simple\">D\u00e9couvrez Quiberon : Votre Guide Complet pour un S\u00e9jour Inoubliable<\/a><\/li><li><a href=\"https:\/\/lebonsejour.fr\/blog\/a-la-une\/refus-implicite-de-titre-de-sejour-comprendre-vos-droits-et-recours\/\" class=\"simple\">Refus implicite de titre de s\u00e9jour : Comprendre vos droits et recours<\/a><\/li><li><a href=\"https:\/\/lebonsejour.fr\/blog\/a-la-une\/decouvrez-arles-un-sejour-inoubliable-au-coeur-de-la-provence\/\" class=\"simple\">D\u00e9couvrez Arles : Un S\u00e9jour Inoubliable au Coeur de la Provence<\/a><\/li><li><a href=\"https:\/\/lebonsejour.fr\/blog\/a-la-une\/sejour-de-peche-tout-compris-en-ecosse-une-aventure-inoubliable\/\" class=\"simple\">S\u00e9jour de p\u00eache tout compris en \u00c9cosse : une aventure inoubliable<\/a><\/li><li><a href=\"https:\/\/lebonsejour.fr\/blog\/a-la-une\/sejour-inoubliable-sur-lile-dyeu-conseils-et-decouvertes\/\" class=\"simple\">S\u00e9jour inoubliable sur l&#039;\u00eele d&#039;Yeu : conseils et d\u00e9couvertes<\/a><\/li><li><a href=\"https:\/\/lebonsejour.fr\/blog\/a-la-une\/guide-pratique-pour-le-renouvellement-de-votre-titre-de-sejour-a-la-prefecture-darras\/\" class=\"simple\">Guide pratique pour le renouvellement de votre titre de s\u00e9jour \u00e0 la pr\u00e9fecture d&#039;Arras<\/a><\/li><li><a href=\"https:\/\/lebonsejour.fr\/blog\/a-la-une\/decouvrez-les-meilleures-destinations-pour-un-sejour-au-depart-de-lille\/\" class=\"simple\">D\u00e9couvrez les meilleures destinations pour un s\u00e9jour au d\u00e9part de Lille<\/a><\/li><li><a href=\"https:\/\/lebonsejour.fr\/blog\/a-la-une\/tout-savoir-sur-la-taxe-de-sejour-a-la-rochelle-guide-pratique-et-informations\/\" class=\"simple\">Tout savoir sur la taxe de s\u00e9jour \u00e0 La Rochelle : guide pratique et informations<\/a><\/li><li><a href=\"https:\/\/lebonsejour.fr\/blog\/a-la-une\/sejour-linguistique-a-jersey-une-experience-immersive-inoubliable\/\" class=\"simple\">S\u00e9jour linguistique \u00e0 Jersey : une exp\u00e9rience immersive inoubliable<\/a><\/li><li><a href=\"https:\/\/lebonsejour.fr\/blog\/a-la-une\/decouvrez-les-sejours-en-yourtes-une-evasion-inoubliable-au-coeur-de-la-nature\/\" class=\"simple\">D\u00e9couvrez les S\u00e9jours en Yourtes : Une \u00c9vasion Inoubliable au C\u0153ur de la Nature<\/a><\/li><\/ul><h2><a href=\"https:\/\/lebonsejour.fr\/blog\/activites-et-loisirs\/\" class=\"simple\">Activit\u00e9s et Loisirs<\/a><\/h2><ul><li><a href=\"https:\/\/lebonsejour.fr\/blog\/activites-et-loisirs\/week-end-en-foret-noire-decouvrez-les-incontournables-pour-une-experience-inoubliable\/\" class=\"simple\">Week-end en For\u00eat Noire : d\u00e9couvrez les incontournables pour une exp\u00e9rience inoubliable<\/a><\/li><li><a href=\"https:\/\/lebonsejour.fr\/blog\/activites-et-loisirs\/sejour-en-foret-noire-tout-compris-levasion-nature-incontournable\/\" class=\"simple\">S\u00e9jour en For\u00eat Noire tout compris : l\u2019\u00e9vasion nature incontournable<\/a><\/li><li><a href=\"https:\/\/lebonsejour.fr\/blog\/activites-et-loisirs\/logements-insolites-a-fontainebleau-une-immersionnature-unique-en-foret\/\" class=\"simple\">Logements insolites \u00e0 Fontainebleau : une immersionnature unique en for\u00eat<\/a><\/li><li><a href=\"https:\/\/lebonsejour.fr\/blog\/activites-et-loisirs\/village-vacances-pour-parents-solo-conseils-pour-des-moments-inoubliables-avec-vos-enfants\/\" class=\"simple\">Village vacances pour parents solo : conseils pour des moments inoubliables avec vos enfants<\/a><\/li><li><a href=\"https:\/\/lebonsejour.fr\/blog\/activites-et-loisirs\/tiny-house-en-ile-de-france-la-solution-compacte-et-mobile-pour-votre-habitat-durable\/\" class=\"simple\">Tiny House en \u00cele-de-France : la solution compacte et mobile pour votre habitat durable<\/a><\/li><li><a href=\"https:\/\/lebonsejour.fr\/blog\/activites-et-loisirs\/vacances-pour-parents-solo-sejours-inoubliables-pour-se-ressourcer-et-renforcer-les-liens\/\" class=\"simple\">Vacances pour Parents Solo : S\u00e9jours inoubliables pour se ressourcer et renforcer les liens<\/a><\/li><li><a href=\"https:\/\/lebonsejour.fr\/blog\/activites-et-loisirs\/les-plus-belles-cabanes-en-alsace-sejours-insolites-au-coeur-de-la-nature\/\" class=\"simple\">Les plus belles cabanes en Alsace : s\u00e9jours insolites au c\u0153ur de la nature<\/a><\/li><li><a href=\"https:\/\/lebonsejour.fr\/blog\/activites-et-loisirs\/nuit-insolite-en-yvelines-experiences-uniques-proches-de-paris\/\" class=\"simple\">Nuit insolite en Yvelines : exp\u00e9riences uniques proches de Paris<\/a><\/li><li><a href=\"https:\/\/lebonsejour.fr\/blog\/activites-et-loisirs\/week-end-romantique-en-ile-de-france-idees-descapades-incontournables\/\" class=\"simple\">Week-end romantique en \u00cele-de-France : id\u00e9es d&#039;escapades incontournables<\/a><\/li><li><a href=\"https:\/\/lebonsejour.fr\/blog\/activites-et-loisirs\/que-faire-en-sardaigne-les-plages-paradisiaques-et-activites-incontournables\/\" class=\"simple\">Que faire en Sardaigne : les plages paradisiaques et activit\u00e9s incontournables<\/a><\/li><li><a href=\"https:\/\/lebonsejour.fr\/blog\/activites-et-loisirs\/voyage-organise-tout-savoir-pour-des-vacances-sans-souci-en-france\/\" class=\"simple\">Voyage organis\u00e9 : Tout savoir pour des vacances sans souci en France<\/a><\/li><\/ul><h2><a href=\"https:\/\/lebonsejour.fr\/blog\/conseils-de-voyage\/\" class=\"simple\">Conseils de Voyage<\/a><\/h2><ul><li><a href=\"https:\/\/lebonsejour.fr\/blog\/conseils-de-voyage\/week-end-ile-de-france-amoureux\/\" class=\"simple\">week end ile de france amoureux<\/a><\/li><li><a href=\"https:\/\/lebonsejour.fr\/blog\/conseils-de-voyage\/10-idees-de-sejours-de-noel-originaux-pour-des-souvenirs-inoubliables-en-famille\/\" class=\"simple\">10 id\u00e9es de s\u00e9jours de No\u00ebl originaux pour des souvenirs inoubliables en famille<\/a><\/li><li><a href=\"https:\/\/lebonsejour.fr\/blog\/conseils-de-voyage\/weekend-a-bruxelles-litineraire-parfait-pour-decouvrir-patrimoine-modernite-et-gastronomie-en-2025\/\" class=\"simple\">Weekend \u00e0 Bruxelles : l&#039;itin\u00e9raire parfait pour d\u00e9couvrir patrimoine, modernit\u00e9 et gastronomie en 2025<\/a><\/li><li><a href=\"https:\/\/lebonsejour.fr\/blog\/conseils-de-voyage\/croisiere-depuis-nice-pourquoi-cest-le-port-ideal-pour-explorer-la-mediterranee\/\" class=\"simple\">Croisi\u00e8re depuis Nice : pourquoi c\u2019est le port id\u00e9al pour explorer la M\u00e9diterran\u00e9e<\/a><\/li><li><a href=\"https:\/\/lebonsejour.fr\/blog\/conseils-de-voyage\/tout-savoir-sur-le-sejour-tout-compris-pour-des-vacances-sans-souci\/\" class=\"simple\">Tout savoir sur le s\u00e9jour tout compris pour des vacances sans souci<\/a><\/li><li><a href=\"https:\/\/lebonsejour.fr\/blog\/conseils-de-voyage\/circuit-en-andalousie-decouvrez-ses-tresors-pour-un-sejour-ensoleille\/\" class=\"simple\">Circuit en Andalousie : d\u00e9couvrez ses tr\u00e9sors pour un s\u00e9jour ensoleill\u00e9<\/a><\/li><li><a href=\"https:\/\/lebonsejour.fr\/blog\/conseils-de-voyage\/meilleure-periode-pour-voyager-a-bali-climat-et-conseils-locaux\/\" class=\"simple\">Meilleure p\u00e9riode pour voyager \u00e0 Bali : climat et conseils locaux<\/a><\/li><li><a href=\"https:\/\/lebonsejour.fr\/blog\/conseils-de-voyage\/voyage-en-grece-decouvrez-les-iles-et-plages-incontournables\/\" class=\"simple\">Voyage en Gr\u00e8ce : d\u00e9couvrez les \u00eeles et plages incontournables<\/a><\/li><li><a href=\"https:\/\/lebonsejour.fr\/blog\/conseils-de-voyage\/pourquoi-la-thailande-est-la-destination-ideale-pour-une-experience-culturelle-complete\/\" class=\"simple\">Pourquoi la Tha\u00eflande est la destination id\u00e9ale pour une exp\u00e9rience culturelle compl\u00e8te<\/a><\/li><\/ul><h2><a href=\"https:\/\/lebonsejour.fr\/blog\/destinations\/\" class=\"simple\">Destinations<\/a><\/h2><ul><li><a href=\"https:\/\/lebonsejour.fr\/blog\/destinations\/croatie-decouvrez-ses-villes-incontournables-et-leurs-tresors-caches\/\" class=\"simple\">Croatie : d\u00e9couvrez ses villes incontournables et leurs tr\u00e9sors cach\u00e9s<\/a><\/li><li><a href=\"https:\/\/lebonsejour.fr\/blog\/destinations\/marrakech-pourquoi-cette-ville-magique-seduit-autant-les-voyageurs-en-2025\/\" class=\"simple\">Marrakech : Pourquoi cette ville magique s\u00e9duit autant les voyageurs en 2025<\/a><\/li><\/ul><h2><a href=\"https:\/\/lebonsejour.fr\/blog\/hebergements\/\" class=\"simple\">H\u00e9bergements<\/a><\/h2><ul><li><a href=\"https:\/\/lebonsejour.fr\/blog\/hebergements\/dormir-dans-un-chateau-insolite-une-experience-historique-inoubliable\/\" class=\"simple\">Dormir dans un ch\u00e2teau insolite : une exp\u00e9rience historique inoubliable<\/a><\/li><li><a href=\"https:\/\/lebonsejour.fr\/blog\/hebergements\/location-de-chalets-avec-jacuzzi-prive-pourquoi-cette-tendance-seduit-de-plus-en-plus\/\" class=\"simple\">Location de chalets avec jacuzzi priv\u00e9 : pourquoi cette tendance s\u00e9duit de plus en plus<\/a><\/li><li><a href=\"https:\/\/lebonsejour.fr\/blog\/hebergements\/hotels-insolites-en-rhone-alpes-experiences-uniques-pour-votre-sejour\/\" class=\"simple\">H\u00f4tels insolites en Rh\u00f4ne-Alpes : Exp\u00e9riences uniques pour votre s\u00e9jour<\/a><\/li><li><a href=\"https:\/\/lebonsejour.fr\/blog\/hebergements\/dormir-dans-une-bulle-nord-lexperience-insolite-en-pleine-nature\/\" class=\"simple\">Dormir dans une bulle nord : l&#039;exp\u00e9rience insolite en pleine nature<\/a><\/li><li><a href=\"https:\/\/lebonsejour.fr\/blog\/hebergements\/cabane-alsace\/\" class=\"simple\">cabane alsace<\/a><\/li><li><a href=\"https:\/\/lebonsejour.fr\/blog\/hebergements\/nuit-insolite-en-seine-et-marne-hebergements-etonnants-a-decouvrir\/\" class=\"simple\">Nuit insolite en Seine-et-Marne : h\u00e9bergements \u00e9tonnants \u00e0 d\u00e9couvrir<\/a><\/li><li><a href=\"https:\/\/lebonsejour.fr\/blog\/hebergements\/les-meilleurs-hebergements-insolites-en-cabane-dans-les-arbres-en-lorraine\/\" class=\"simple\">Les meilleurs h\u00e9bergements insolites en cabane dans les arbres en Lorraine<\/a><\/li><\/ul>\n","protected":false},"excerpt":{"rendered":"","protected":false},"author":34,"featured_media":0,"parent":0,"menu_order":0,"comment_status":"closed","ping_status":"closed","template":"","meta":{"_acf_changed":false,"manual_indexmenow":false,"indexmenow_id_project":0,"footnotes":""},"class_list":["post-66","page","type-page","status-publish"],"acf":[],"yoast_head":"<!-- This site is optimized with the Yoast SEO Premium plugin v21.3 (Yoast SEO v26.5) - https:\/\/yoast.com\/wordpress\/plugins\/seo\/ -->\n<title>Plan du site<\/title>\n<meta name=\"robots\" content=\"index, follow, max-snippet:-1, max-image-preview:large, max-video-preview:-1\" \/>\n<link rel=\"canonical\" href=\"https:\/\/lebonsejour.fr\/blog\/plan-du-site\/\" \/>\n<meta property=\"og:locale\" content=\"fr_FR\" \/>\n<meta property=\"og:type\" content=\"article\" \/>\n<meta property=\"og:title\" content=\"Plan du site\" \/>\n<meta property=\"og:url\" content=\"https:\/\/lebonsejour.fr\/blog\/plan-du-site\/\" \/>\n<meta property=\"og:site_name\" content=\"lebonsejour\" \/>\n<meta name=\"twitter:card\" content=\"summary_large_image\" \/>\n<script type=\"application\/ld+json\" class=\"yoast-schema-graph\">{\"@context\":\"https:\/\/schema.org\",\"@graph\":[{\"@type\":\"WebPage\",\"@id\":\"https:\/\/lebonsejour.fr\/blog\/plan-du-site\/\",\"url\":\"https:\/\/lebonsejour.fr\/blog\/plan-du-site\/\",\"name\":\"Plan du site\",\"isPartOf\":{\"@id\":\"https:\/\/lebonsejour.fr\/blog\/#website\"},\"datePublished\":\"2023-10-11T10:06:52+00:00\",\"inLanguage\":\"fr-FR\",\"potentialAction\":[{\"@type\":\"ReadAction\",\"target\":[\"https:\/\/lebonsejour.fr\/blog\/plan-du-site\/\"]}]},{\"@type\":\"WebSite\",\"@id\":\"https:\/\/lebonsejour.fr\/blog\/#website\",\"url\":\"https:\/\/lebonsejour.fr\/blog\/\",\"name\":\"lebonsejour.fr\",\"description\":\"Le Bon S\u00e9jour, vivez l&#039;exp\u00e9rience d&#039;un s\u00e9jour inoubliable\",\"publisher\":{\"@id\":\"https:\/\/lebonsejour.fr\/blog\/#organization\"},\"alternateName\":\"Le Bon S\u00e9jour, vivez l'exp\u00e9rience d'un s\u00e9jour inoubliable\",\"potentialAction\":[{\"@type\":\"SearchAction\",\"target\":{\"@type\":\"EntryPoint\",\"urlTemplate\":\"https:\/\/lebonsejour.fr\/blog\/?s={search_term_string}\"},\"query-input\":{\"@type\":\"PropertyValueSpecification\",\"valueRequired\":true,\"valueName\":\"search_term_string\"}}],\"inLanguage\":\"fr-FR\"},{\"@type\":\"Organization\",\"@id\":\"https:\/\/lebonsejour.fr\/blog\/#organization\",\"name\":\"Foretsensations.fr\",\"url\":\"https:\/\/lebonsejour.fr\/blog\/\",\"logo\":{\"@type\":\"ImageObject\",\"inLanguage\":\"fr-FR\",\"@id\":\"https:\/\/lebonsejour.fr\/blog\/#\/schema\/logo\/image\/\",\"url\":\"https:\/\/lebonsejour.fr\/blog\/wp-content\/uploads\/2024\/12\/LeBonSejour.png\",\"contentUrl\":\"https:\/\/lebonsejour.fr\/blog\/wp-content\/uploads\/2024\/12\/LeBonSejour.png\",\"width\":500,\"height\":500,\"caption\":\"Foretsensations.fr\"},\"image\":{\"@id\":\"https:\/\/lebonsejour.fr\/blog\/#\/schema\/logo\/image\/\"}}]}<\/script>\n<!-- \/ Yoast SEO Premium plugin. -->","yoast_head_json":{"title":"Plan du site","robots":{"index":"index","follow":"follow","max-snippet":"max-snippet:-1","max-image-preview":"max-image-preview:large","max-video-preview":"max-video-preview:-1"},"canonical":"https:\/\/lebonsejour.fr\/blog\/plan-du-site\/","og_locale":"fr_FR","og_type":"article","og_title":"Plan du site","og_url":"https:\/\/lebonsejour.fr\/blog\/plan-du-site\/","og_site_name":"lebonsejour","twitter_card":"summary_large_image","schema":{"@context":"https:\/\/schema.org","@graph":[{"@type":"WebPage","@id":"https:\/\/lebonsejour.fr\/blog\/plan-du-site\/","url":"https:\/\/lebonsejour.fr\/blog\/plan-du-site\/","name":"Plan du site","isPartOf":{"@id":"https:\/\/lebonsejour.fr\/blog\/#website"},"datePublished":"2023-10-11T10:06:52+00:00","inLanguage":"fr-FR","potentialAction":[{"@type":"ReadAction","target":["https:\/\/lebonsejour.fr\/blog\/plan-du-site\/"]}]},{"@type":"WebSite","@id":"https:\/\/lebonsejour.fr\/blog\/#website","url":"https:\/\/lebonsejour.fr\/blog\/","name":"lebonsejour.fr","description":"Le Bon S\u00e9jour, vivez l&#039;exp\u00e9rience d&#039;un s\u00e9jour inoubliable","publisher":{"@id":"https:\/\/lebonsejour.fr\/blog\/#organization"},"alternateName":"Le Bon S\u00e9jour, vivez l'exp\u00e9rience d'un s\u00e9jour inoubliable","potentialAction":[{"@type":"SearchAction","target":{"@type":"EntryPoint","urlTemplate":"https:\/\/lebonsejour.fr\/blog\/?s={search_term_string}"},"query-input":{"@type":"PropertyValueSpecification","valueRequired":true,"valueName":"search_term_string"}}],"inLanguage":"fr-FR"},{"@type":"Organization","@id":"https:\/\/lebonsejour.fr\/blog\/#organization","name":"Foretsensations.fr","url":"https:\/\/lebonsejour.fr\/blog\/","logo":{"@type":"ImageObject","inLanguage":"fr-FR","@id":"https:\/\/lebonsejour.fr\/blog\/#\/schema\/logo\/image\/","url":"https:\/\/lebonsejour.fr\/blog\/wp-content\/uploads\/2024\/12\/LeBonSejour.png","contentUrl":"https:\/\/lebonsejour.fr\/blog\/wp-content\/uploads\/2024\/12\/LeBonSejour.png","width":500,"height":500,"caption":"Foretsensations.fr"},"image":{"@id":"https:\/\/lebonsejour.fr\/blog\/#\/schema\/logo\/image\/"}}]}},"_links":{"self":[{"href":"https:\/\/lebonsejour.fr\/blog\/wp-json\/wp\/v2\/pages\/66","targetHints":{"allow":["GET"]}}],"collection":[{"href":"https:\/\/lebonsejour.fr\/blog\/wp-json\/wp\/v2\/pages"}],"about":[{"href":"https:\/\/lebonsejour.fr\/blog\/wp-json\/wp\/v2\/types\/page"}],"author":[{"embeddable":true,"href":"https:\/\/lebonsejour.fr\/blog\/wp-json\/wp\/v2\/users\/34"}],"replies":[{"embeddable":true,"href":"https:\/\/lebonsejour.fr\/blog\/wp-json\/wp\/v2\/comments?post=66"}],"version-history":[{"count":1,"href":"https:\/\/lebonsejour.fr\/blog\/wp-json\/wp\/v2\/pages\/66\/revisions"}],"predecessor-version":[{"id":67,"href":"https:\/\/lebonsejour.fr\/blog\/wp-json\/wp\/v2\/pages\/66\/revisions\/67"}],"wp:attachment":[{"href":"https:\/\/lebonsejour.fr\/blog\/wp-json\/wp\/v2\/media?parent=66"}],"curies":[{"name":"wp","href":"https:\/\/api.w.org\/{rel}","templated":true}]}}